nder when h is divided by n(3).
11
Calculate the remainder when 29 is divided by (-11*11/(-242))/(1/24).
5
Suppose 5*a = -7*c + 12*c + 145, -156 = -4*a - 4*c. Calculate the remainder when 58 is divided by a.
24
Suppose -109*w + 107*w + 6 = 0. What is the remainder when (2 - 1)/((-5)/(-115)) is divided by w/5 - 434/(-35)?
10
Suppose -3*g + 13 = -26. Let v(u) be the second derivative of u**4/4 + 3*u**3/2 - 7*u**2/2 + 6*u. Calculate the remainder when v(-5) is divided by g.
10
Let x = 14 - -11. What is the remainder when 35 is divided by x?
10
Let u be 6/(-15) - (-1074)/10. Suppose 10 = -5*w, -c + u = 5*w - w. Let a(g) = 2*g**2 + 2*g + 5. Calculate the remainder when c is divided by a(-4).
28
Let n be (-2)/11 + 11600/(-88). Let b = n - -256. Calculate the remainder when b is divided by 21.
19
Let z(k) = -206*k + 7 + k**3 + 209*k - 2 - 5*k**2. Let f = 14 - 8. What is the remainder when z(f) is divided by 20?
19
Let d = 2 - -1. Let k be d*-3*(-4)/36. Calculate the remainder when 9 + (k - 0 - -1) is divided by 3.
2
Suppose 0 = 23*u - 12*u - 396. What is the remainder when u is divided by 13?
10
Suppose -2*c + 22 = -12. Let w = -2756 + 2800. Calculate the remainder when w is divided by 0 - (1 - c) - 1.
14
Let y(t) = -4*t**3 - 16*t**2 + 8*t + 18. Calculate the remainder when y(-5) is divided by 39.
0
What is the remainder when -53*87/(-15) + 48/80 is divided by 31?
29
Let o be -3*(520/6)/4. Let g = o - -72. What is the remainder when 14 is divided by g?
0
Let t(d) = -d**2 - 63*d - 640. Calculate the remainder when 163 is divided by t(-48).
3
Let s be ((-15)/10)/((-12)/8). Let j be (5 - 4)*(5 - s). Calculate the remainder when 548/20 + j/(-10) is divided by 14.
13
Let d(t) = -t**3 + 13*t**2 - 31*t + 5. What is the remainder when d(9) is divided by 10?
0
Let v(p) = -3*p**2 - 15*p + 12. Let y be v(-7). Let w = -21 - y. What is the remainder when w is divided by 2?
1
Calculate the remainder when 2*(1128/16 - 5) is divided by 40.
11
Let s be (-8)/3*(-63)/42. Suppose -4*f = -2*k - 0*k - 8, 0 = 2*f - s*k - 4. What is the remainder when f is divided by 1?
0
Let q(d) = d**2 + d - 25. Calculate the remainder when 495 is divided by q(-8).
30
Let d = 617 + -325. Suppose 0 = -19*c - d + 2154. What is the remainder when c is divided by 11?
10
Let r(y) = 24*y - 141. Let w be r(6). Let c be (-1 - 1)*(-9)/6. Suppose -w*f = c*f - 330. What is the remainder when f is divided by 28?
27
Suppose -4*f + 53 = 21. Suppose f*j = 12*j - 24. Calculate the remainder when 10 is divided by j.
4
Let c(f) = -f**2 + 23*f - 31. What is the remainder when c(18) is divided by 7?
3
Let t = 1058 + -218. Suppose 0 = -l + 3*l + 4*k - 310, 5*l = 3*k + t. Calculate the remainder when l is divided by 42.
39
Suppose 404 = 4*o + l, 5*l - 8*l - 114 = -o. Calculate the remainder when o is divided by 18.
12
Let c(t) = -2*t. Let s be c(-5). Let w be (-8)/20 - (-154)/s. Calculate the remainder when (w/6)/((-1)/(-6)) is divided by 6.
3
Suppose -3*r - 10 = -2*q, 3*q = -5*r + 7 + 8. Suppose -3*p - 2*p + 55 = r. What is the remainder when 39 is divided by p?
6
Let f(j) = 6*j - 11. Let w be f(5). Let c = w + -15. Calculate the remainder when (3 - c)/(1/(-2)) is divided by 1.
0
Let o(w) = -3*w**2 + 5*w**2 + 4 + 2*w - 6*w + 2*w. Let t be o(3). Let s = -8 + t. Calculate the remainder when 22 is divided by s.
6
Suppose 3564 = 21*q - 1896. What is the remainder when q is divided by 66?
62
Let s(f) = f**2 + f - 1. Let g(w) = w + 15. Suppose -r = -6 + 24. Let p be g(r). Calculate the remainder when 19 is divided by s(p).
4
Let t be (36/(-15) + 3)*5. Suppose y - 2*y = 4*v - 52, -5*v - t*y = -58. Suppose -3*l + v = -112. What is the remainder when l is divided by 15?
12
Let f(n) = -2*n**2 + 18*n - 11. Let t be f(8). Suppose -119 + t = -3*x. Calculate the remainder when x is divided by 14.
10
Let v(q) = 46*q - 4. Let p be v(2). Let t = p - 60. Calculate the remainder when t is divided by 6.
4
Let t(g) = g**2 - 2*g + 9. Let o be t(0). Suppose -3*n + 33 = -o. Calculate the remainder when 52 is divided by n.
10
What is the remainder when (-421116)/(-120) - ((-69)/(-30) + -2) is divided by 45?
44
Suppose 41 = 2*m + 5*p - 7, -m + 27 = 4*p. Calculate the remainder when 145 is divided by m.
12
Let y(h) = 3*h**2 - 32*h + 6. Let o = 50 - 37. Calculate the remainder when y(o) is divided by 20.
17
Let k be -27 - 2 - 1/(-1). Let y = 43 + k. Let f = 71 + -44. What is the remainder when f is divided by y?
12
Let j(f) = 13 + 3*f - 8 - 17. Calculate the remainder when 22 is divided by j(6).
4
Let f = -196 + 222. Calculate the remainder when 83 is divided by f.
5
Suppose -2*w + 4 + 0 = 0. Suppose 46 = w*b - 5*u, u = -4*b + 2*b + 34. Suppose 0 = -0*q + 3*q - b. Calculate the remainder when 21 is divided by q.
3
Let i(c) = 2*c**3 - 4*c**2 - 3. Let h be 4 + (-4 - -3)/1. Calculate the remainder when 55/(-2)*(-16)/10 is divided by i(h).
14
Suppose 8*q = 6*q + 72. What is the remainder when 106 is divided by q?
34
Suppose 5*h = -2*d + 188, -3*d + 3*h + 188 = -d. What is the remainder when d is divided by 10?
4
Suppose n - y - 7 = 0, -8*y - 11 = -3*n - 3*y. Let r be 54/n*8/3. Suppose 1 = 5*o + 5*f - 59, 3*o - 3*f = r. What is the remainder when 23 is divided by o?
7
Calculate the remainder when 1*668*-1*4/(-16) is divided by 22.
13
Let d = 175 - 53. Suppose 6*q - 162 = -12. Calculate the remainder when d is divided by q.
22
Suppose -2*h = 2*d - 704, 49*d - 51*d + 5*h + 676 = 0. What is the remainder when d is divided by 10?
8
Let u = -8 + 8. Suppose u = -0*k + 2*k + s - 12, 3*s = k - 6. What is the remainder when 23 is divided by k?
5
Suppose 3*s = -18 + 3. Calculate the remainder when 27 is divided by (-2)/(-1)*s/(-1).
7
Suppose -13*q + 8*q + 135 = 0. What is the remainder when 102 is divided by q?
21
Suppose -5*l - 72 = -13*l. What is the remainder when (-9)/(-6)*28/3 is divided by l?
5
Suppose 3*a - 24 = 3*l, -3*l - 4 = a - 0*l. Calculate the remainder when 43 is divided by a.
3
Let s = -644 - -936. Calculate the remainder when s is divided by 21.
19
What is the remainder when 492 is divided by 18/36 - 29/(-2)?
12
Suppose -3*t = -4*t + 1. Let w(v) be the first derivative of 25*v**4/2 - v**3/3 + 3*v**2/2 - v - 14. What is the remainder when w(t) is divided by 13?
12
Let r(l) = 4*l**2 - 2*l - 1. Let t be r(-1). Suppose -n = 2*u - 0*n - 19, -5*n + 40 = t*u. Calculate the remainder when 53 is divided by u.
9
Suppose -3*m + 6*m - 2*q - 82 = 0, -101 = -4*m + q. What is the remainder when 91 is divided by m?
19
Let s(o) = 6*o - 35. Let x be (-7)/56 - (-243)/24. What is the remainder when 48 is divided by s(x)?
23
Suppose 39 = 3*w - 6. What is the remainder when 22 is divided by w?
7
What is the remainder when 23 + 9 - (4 + (-5 - -2)) is divided by 14?
3
Let f be 5 - 2 - (1 + 1). Calculate the remainder when 18 + 0 + 1 + -2 is divided by (-4)/(f/(15/(-6))).
7
Suppose -3*h - 95 = -5*g - 5*h, g - 5*h = 46. What is the remainder when 58 is divided by g?
16
Suppose -30*n = -33*n + 12. Suppose -4*x + w = -n*w - 11, -2*w = -2. What is the remainder when (1 - 2)*(-1 - 14) is divided by x?
3
Let n(l) = 2*l**2 - 10*l - 20. Let h be n(7). Suppose -h*c + 0*c = -200. What is the remainder when 87 is divided by c?
12
Let p(u) = -4*u - 31. Let x be p(-10). Suppose -x = -5*t + 46. Calculate the remainder when 63 is divided by t.
8
Let f(m) = 3*m - 7. Let x be f(3). Suppose -5*i - 5*z = -0*i - 960, -3*i = x*z - 572. What is the remainder when i is divided by 21?
20
Let y(g) = g**2 + 2*g + 1. Calculate the remainder when -15*13/(-9) - 8/(-6) is divided by y(2).
5
Let y = 99 - 173. Let d = 85 + y. Calculate the remainder when d is divided by 3.
2
Let d(q) = -q + 7. Let u(z) = -z**3 - 3*z**2 - z - 4. Let g be u(-3). Calculate the remainder when (-8)/(-4) + g - -43 is divided by d(-5).
8
Let m be (-7)/(-5) + (-12)/(-20). Let i be (3 - (m + -4))/1. Calculate the remainder when ((-54)/(-8))/(i/20) is divided by 7.
6
Let o = 36 + -17. Suppose 0 = m - 0*m - o. Suppose -1377 = -36*l + 1323. Calculate the remainder when l is divided by m.
18
Let u be ((-13)/3)/(2/12). What is the remainder when u*(-9 + 4) - -5 is divided by 23?
20
Let x = -182 - -102. Let t = -43 - x. What is the remainder when 110 is divided by t?
36
Calculate the remainder when 92 + (-2)/14 + 32/